r?
False
Is 865493459 composite?
False
Is 1591923917 prime?
True
Is 248093237 a prime number?
False
Is 291820363 prime?
True
Is 13233064739 a composite number?
True
Is 3176496311 a prime number?
True
Is 20467334371 a prime number?
False
Is 76752853143 a composite number?
True
Is 289768608939 a composite number?
True
Is 1988354551 prime?
False
Is 725139581 a composite number?
True
Is 1730852107 a prime number?
True
Is 13326860263 a prime number?
True
Is 24469069921 a composite number?
True
Is 299479459 a prime number?
True
Is 801339413 a composite number?
True
Is 15022295287 composite?
True
Is 3994350949 a prime number?
True
Is 883456247 a composite number?
False
Is 1583593189 prime?
True
Is 6965156993 prime?
True
Is 585051998 composite?
True
Is 1532543063 prime?
False
Is 15772513541 composite?
False
Is 199386734579 composite?
True
Is 5454775129 prime?
True
Is 69828449 composite?
False
Is 103860789521 composite?
True
Is 4613167631 prime?
True
Is 5459939593 a composite number?
True
Is 8007207959 a composite number?
True
Is 2529076733 a prime number?
False
Is 161985786491 composite?
False
Is 1121945467 a composite number?
False
Is 716951611 a composite number?
True
Is 12850884671 composite?
False
Is 1607253487 composite?
True
Is 13063 prime?
True
Is 3880444693 composite?
True
Is 14199340171 prime?
False
Is 179595655 composite?
True
Is 49166947589 composite?
False
Is 83618361263 composite?
True
Is 2638034491 a composite number?
True
Is 5389177107 a prime number?
False
Is 21659611739 prime?
True
Is 2099701231 composite?
True
Is 12609111763 a prime number?
True
Is 629878199 prime?
True
Is 474074309 a composite number?
True
Is 8100693313 prime?
True
Is 122423702393 a composite number?
True
Is 19183984537 composite?
False
Is 8740071961 a composite number?
False
Is 1527142039 a composite number?
False
Is 742062889 a composite number?
True
Is 9097176133 a composite number?
True
Is 11705181451 a composite number?
True
Is 7469383483 prime?
False
Is 6990460853 a composite number?
False
Is 70038188527 a prime number?
False
Is 3948197477 prime?
False
Is 563400281 a composite number?
True
Is 166575839 a prime number?
True
Is 561969937 a prime number?
False
Is 85800730001 prime?
False
Is 79408848763 a composite number?
False
Is 308466779 a composite number?
True
Is 6174424447 a composite number?
False
Is 3198840553 composite?
False
Is 4865472751 a prime number?
False
Is 114053675369 a composite number?
False
Is 41963953391 prime?
False
Is 909243499 composite?
True
Is 128587669 composite?
True
Is 298231477 composite?
True
Is 2071204379 a prime number?
True
Is 4559841271 a prime number?
True
Is 19962893 composite?
False
Is 14703921383 composite?
False
Is 4437338339 composite?
True
Is 935438417 a prime number?
True
Is 2885341549 a prime number?
True
Is 21751115603 a prime number?
False
Is 461585521 a composite number?
True
Is 699309979 a prime number?
True
Is 3773567737 composite?
False
Is 2258092513 prime?
True
Is 7459411009 a composite number?
False
Is 25570342079 a composite number?
False
Is 153515387 a prime number?
False
Is 139412617 prime?
True
Is 14341130435 prime?
False
Is 100772317889 composite?
False
Is 266604311 a prime number?
False
Is 535189847 a composite number?
False
Is 1539241777 a prime number?
True
Is 1506622919 a composite number?
True
Is 17282845429 a prime number?
True
Is 6834785999 a composite number?
True
Is 27898894069 composite?
False
Is 58032773011 a composite number?
True
Is 26948086313 prime?
False
Is 1509483187 prime?
False
Is 244649311 a composite number?
False
Is 195212092661 a composite number?
False
Is 10756172409 a prime number?
False
Is 1363715861 prime?
False
Is 14200467839 a composite number?
False
Is 16986534911 a prime number?
False
Is 3541470367 composite?
True
Is 4326230273 prime?
True
Is 651457033 composite?
True
Is 2432694209 composite?
True
Is 63365820029 composite?
False
Is 3771278089 a composite number?
False
Is 28726493035 prime?
False
Is 1377747367 a prime number?
False
Is 11559749731 a prime number?
True
Is 3168133079 prime?
True
Is 562591129 composite?
True
Is 1792656527 composite?
False
Is 10395685189 a prime number?
True
Is 1623287101 a prime number?
True
Is 719099969 a composite number?
True
Is 10644595733 a prime number?
True
Is 1275899921 composite?
True
Is 4557950674 composite?
True
Is 21517566491 prime?
False
Is 17446643 prime?
True
Is 14770565749 composite?
True
Is 23347725139 a prime number?
True
Is 273201808717 a prime number?
True
Is 819764611 a prime number?
False
Is 287698687 composite?
False
Is 15693136181 a composite number?
True
Is 25067759599 composite?
False
Is 1306035187 a prime number?
True
Is 118192643 composite?
False
Is 2899896469 a prime number?
True
Is 6180331687 composite?
False
Is 43772249569 a prime number?
False
Is 360028771885 a prime number?
False
Is 3270432391 a composite number?
True
Is 3244673053 a composite number?
True
Is 14176238357 a composite number?
False
Is 154419431 prime?
True
Is 1437043253 prime?
True
Is 7676171579 composite?
False
Is 9709529521 a prime number?
False
Is 13488718219 a prime number?
True
Is 1864299223 prime?
False
Is 42259114039 a prime number?
False
Is 1329698453 a prime number?
False
Is 150274183 composite?
False
Is 678466823 a composite number?
False
Is 5592447491 composite?
False
Is 760221491 composite?
False
Is 123137486743 a prime number?
True
Is 18355858349 a composite number?
False
Is 355851619 prime?
False
Is 24454966381 prime?
True
Is 7562145599 composite?
False
Is 214870883849 a prime number?
True
Is 25993157 composite?
False
Is 3578151091 prime?
True
Is 179754911169 composite?
True
Is 3428429093 a composite number?
True
Is 658982881 a composite number?
False
Is 566816806 a prime number?
False
Is 1399991273 a prime number?
False
Is 3277964387 prime?
True
Is 11141385377 a composite number?
False
Is 138019556611 composite?
False
Is 25271013697 a composite number?
True
Is 98259893 a prime number?
True
Is 1646402267 prime?
True
Is 13553352881 a composite number?
False
Is 32854304491 prime?
True
Is 249840246461 a prime number?
False
Is 2220445237 a prime number?
True
Is 18145494223 a composite number?
False
Is 1037372783 a prime number?
True
Is 6971253761 composite?
False
Is 1117181957 composite?
False
Is 262061017 a composite number?
True
Is 1569279031 a composite number?
False
Is 2306696201 composite?
False
Is 31069161457 a composite number?
True
Is 5397564113 composite?
True
Is 3043458841 composite?
True
Is 1902481453 prime?
True
Is 75883266859 a prime number?
False
Is 1457001599 a composite number?
True
Is 7130302051 a prime number?
True
Is 9613468597 a prime number?
False
Is 1077103271 prime?
False
Is 71442401 prime?
False
Is 227751739 composite?
False
Is 1442771491 composite?
True
Is 3137902331 a prime number?
True
Is 1432749377 a prime number?
False
Is 1729488301 a prime number?
True
Is 58823939077 composite?
False
Is 1356613123 prime?
False
Is 224268830371 composite?
False
Is 4623288914 a prime number?
False
Is 98923663 composite?
True
Is 5000983391 prime?
False
Is 4862847019 a composite number?
False
Is 4261868263 a composite number?
False
Is 13671300473 a composite number?
True
Is 1154119193 a composite number?
False
Is 13259617463 a composite number?
True
Is 39769585105 a composite number?
True
Is 7475610301 a prime number?
True
Is 193338018431 composite?
True
Is 89698030817 prime?
True
Is 454762783 a prime number?
True
Is 174388147 prime?
True
Is 9680926469 composite?
False
Is 56855166037 a prime number?
False
Is 3439534457 composite?
False
Is 19801052549 a prime number?
False
Is 10212673621 composite?
False
Is 42134234917 a composite number?
False
Is 26247879533 a prime number?
True
Is 59535840733 prime?
False
Is 45773723759 a prime number?
False
Is 25574337029 composite?
False
Is 186157031 composite?
False
Is 15809588927 composite?
True
Is 2123187601 a composite number?
True
Is 3561301129 composite?
False
Is 30148513867 a composite number?
False
Is 555871349 prime?
False
Is 155876663 composite?
True
Is 462505503 prime?
False
Is 436473539 prime?
True
Is 18461672791 a composite number?
True
Is 537439531 composite?
True
Is 1066062559 composite?
True
Is 12951228943 prime?
True
Is 1284015221 a prime number?
False
Is 7230019 a prime num